when 2348 is divided by 40.
28
What is the remainder when 118 is divided by 60?
58
What is the remainder when 27 is divided by 21?
6
Calculate the remainder when 77 is divided by 43.
34
Calculate the remainder when 1824 is divided by 83.
81
What is the remainder when 511 is divided by 64?
63
What is the remainder when 514 is divided by 130?
124
Calculate the remainder when 502 is divided by 24.
22
Calculate the remainder when 25 is divided by 8.
1
Calculate the remainder when 148 is divided by 74.
0
What is the remainder when 161 is divided by 34?
25
What is the remainder when 1896 is divided by 50?
46
Calculate the remainder when 868 is divided by 39.
10
What is the remainder when 165 is divided by 30?
15
What is the remainder when 137 is divided by 44?
5
What is the remainder when 403 is divided by 19?
4
What is the remainder when 10284 is divided by 187?
186
Calculate the remainder when 2236 is divided by 21.
10
Calculate the remainder when 107 is divided by 37.
33
Calculate the remainder when 115 is divided by 40.
35
Calculate the remainder when 358 is divided by 13.
7
What is the remainder when 1300 is divided by 432?
4
What is the remainder when 1255 is divided by 17?
14
Calculate the remainder when 394 is divided by 192.
10
What is the remainder when 336 is divided by 26?
24
Calculate the remainder when 4729 is divided by 10.
9
Calculate the remainder when 407 is divided by 25.
7
What is the remainder when 8384 is divided by 65?
64
What is the remainder when 47 is divided by 40?
7
What is the remainder when 74 is divided by 21?
11
Calculate the remainder when 862 is divided by 496.
366
Calculate the remainder when 110 is divided by 93.
17
Calculate the remainder when 316 is divided by 25.
16
Calculate the remainder when 1679 is divided by 8.
7
What is the remainder when 1627 is divided by 181?
179
Calculate the remainder when 507 is divided by 51.
48
Calculate the remainder when 1951 is divided by 63.
61
Calculate the remainder when 39 is divided by 14.
11
Calculate the remainder when 1844 is divided by 13.
11
What is the remainder when 508 is divided by 94?
38
What is the remainder when 732 is divided by 2?
0
Calculate the remainder when 533 is divided by 40.
13
What is the remainder when 87 is divided by 10?
7
Calculate the remainder when 594 is divided by 102.
84
What is the remainder when 230 is divided by 43?
15
What is the remainder when 197 is divided by 100?
97
What is the remainder when 1368 is divided by 126?
108
What is the remainder when 2478 is divided by 207?
201
Calculate the remainder when 455 is divided by 17.
13
Calculate the remainder when 194 is divided by 52.
38
What is the remainder when 6478 is divided by 15?
13
What is the remainder when 31 is divided by 5?
1
What is the remainder when 99 is divided by 40?
19
What is the remainder when 1511 is divided by 101?
97
What is the remainder when 2549 is divided by 44?
41
What is the remainder when 9553 is divided by 65?
63
What is the remainder when 3847 is divided by 154?
151
Calculate the remainder when 413 is divided by 13.
10
What is the remainder when 121 is divided by 17?
2
Calculate the remainder when 1343 is divided by 48.
47
Calculate the remainder when 3148 is divided by 175.
173
Calculate the remainder when 828 is divided by 64.
60
Calculate the remainder when 278 is divided by 77.
47
Calculate the remainder when 898 is divided by 17.
14
Calculate the remainder when 207 is divided by 61.
24
What is the remainder when 184 is divided by 134?
50
Calculate the remainder when 142 is divided by 54.
34
What is the remainder when 278 is divided by 4?
2
What is the remainder when 1723 is divided by 114?
13
What is the remainder when 17 is divided by 6?
5
What is the remainder when 1176 is divided by 24?
0
Calculate the remainder when 319 is divided by 142.
35
What is the remainder when 945 is divided by 130?
35
Calculate the remainder when 126 is divided by 25.
1
What is the remainder when 95 is divided by 15?
5
Calculate the remainder when 1863 is divided by 64.
7
What is the remainder when 1123 is divided by 108?
43
What is the remainder when 1031 is divided by 68?
11
Calculate the remainder when 1504 is divided by 56.
48
Calculate the remainder when 4040 is divided by 47.
45
Calculate the remainder when 19 is divided by 3.
1
What is the remainder when 68 is divided by 3?
2
Calculate the remainder when 1451 is divided by 33.
32
Calculate the remainder when 65 is divided by 11.
10
What is the remainder when 1228 is divided by 338?
214
Calculate the remainder when 510 is divided by 25.
10
Calculate the remainder when 175 is divided by 15.
10
Calculate the remainder when 618 is divided by 42.
30
What is the remainder when 43 is divided by 15?
13
What is the remainder when 383 is divided by 40?
23
Calculate the remainder when 136 is divided by 38.
22
Calculate the remainder when 2759 is divided by 216.
167
What is the remainder when 31 is divided by 14?
3
What is the remainder when 300 is divided by 134?
32
Calculate the remainder when 119 is divided by 56.
7
Calculate the remainder when 2923 is divided by 86.
85
What is the remainder when 149 is divided by 50?
49
What is the remainder when 3179 is divided by 12?
11
Calculate the remainder when 33847 is divided by 403.
398
Calculate the remainder when 6461 is divided by 16.
13
Calculate the remainder when 471 is divided by 75.
21
Calculate the remainder when 801 is divided by 40.
1
What is the remainder when 74 is divided by 50?
24
Calculate the remainder when 910 is divided by 131.
124
What is the remainder when 3908 is divided by 170?
168
What is the remainder when 3189 is divided by 21?
18
Calculate the remainder when 124 is divided by 22.
14
Calculate the remainder when 417 is divided by 119.
60
Calculate the remainder when 82 is divided by 28.
26
Calculate the remainder when 53 is divided by 31.
22
Calculate the remainder when 166 is divided by 33.
1
Calculate the remainder when 2893 is divided by 100.
93
Calculate the remainder when 9174 is divided by 19.
16
Calculate the remainder when 125 is divided by 14.
13
Calculate the remainder when 727 is divided by 21.
13
What is the remainder when 2177 is divided by 11?
10
Calculate the remainder when 127 is divided by 37.
16
Calculate the remainder when 3129 is divided by 18.
15
What is the remainder when 649 is divided by 132?
121
Calculate the remainder when 441 is divided by 24.
9
Calculate the remainder when 895 is divided by 218.
23
What is the remainder when 487 is divided by 159?
10
What is the remainder when 1577 is divided by 518?
23
Calculate the remainder when 83 is divided by 33.
17
What is the remainder when 630 is divided by 4?
2
Calculate the remainder when 3378 is divided by 308.
298
Calculate the remainder when 6038 is divided by 18.
8
What is the remainder when 102 is divided by 6?
0
Calculate the remainder when 1944 is divided by 954.
36
What is the remainder when 6852 is divided by 11?
10
What is the remainder when 243 is divided by 83?
77
Calculate the remainder when 383 is divided by 11.
9
What is the remainder when 868 is divided by 5?
3
Calculate the remainder when 261 is divided by 17.
6
Calculate the remainder when 1004 is divided by 40.
4
Calculate the remainder when 956 is divided by 11.
10
What is the remainder when 6082 is divided by 3?
1
What is the remainder when 846 is divided by 77?
76
What is the remainder when 2265 is divided by 12?
9
Calculate the remainder when 1258 is divided by 35.
33
What is the remainder when 7708 is divided by 513?
13
What is the remainder when 110 is divided by 38?
34
Calculate the remainder when 46766 is divided by 37.
35
What is the remainder when 372 is divided by 5?
2
Calculate the remainder when 120 is divided by 41.
38
What is the remainder when 364 is divided by 53?
46
Calculate the remainder when 233 is divided by 56.
9
What is the remainder when 100 is divided by 47?
6
Calculate the remainder when 948 is divided by 313.
9
What is the remainder when 494 is divided by 71?
68
Calculate the remainder when 7 is divided by 5.
2
What is the remainder when 2081 is divided by 18?
11
Calculate the remainder when 165 is divided by 52.
9
Calculate the remainder when 256 is divided by 79.
19
What is the remai